ors of 1902651.
3, 37, 61, 281
List the prime factors of 1260713.
1260713
What are the prime factors of 2798414?
2, 41, 34127
List the prime factors of 1456764.
2, 3, 17, 37, 193
List the prime factors of 83195.
5, 7, 2377
List the prime factors of 512162.
2, 7, 36583
What are the prime factors of 336414?
2, 3, 13, 19, 227
What are the prime factors of 1692056?
2, 211507
What are the prime factors of 20551798?
2, 37, 193, 1439
What are the prime factors of 517418?
2, 11, 29, 811
What are the prime factors of 3263460?
2, 3, 5, 109, 499
List the prime factors of 20540349.
3, 19, 113, 1063
What are the prime factors of 15344142?
2, 3, 11, 232487
List the prime factors of 1856775.
3, 5, 19, 1303
List the prime factors of 1485381.
3, 149, 3323
What are the prime factors of 291414?
2, 3, 17, 2857
What are the prime factors of 2187528?
2, 3, 7, 29, 449
What are the prime factors of 2140260?
2, 3, 5, 35671
List the prime factors of 119049.
3, 7, 5669
What are the prime factors of 4002553?
4002553
What are the prime factors of 2426804?
2, 31, 19571
List the prime factors of 1230076.
2, 181, 1699
What are the prime factors of 6348359?
97, 65447
What are the prime factors of 2187632?
2, 136727
What are the prime factors of 340932?
2, 3, 28411
What are the prime factors of 423178?
2, 7, 167, 181
What are the prime factors of 782210?
2, 5, 11, 13, 547
What are the prime factors of 2006767?
7, 43, 59, 113
What are the prime factors of 101336?
2, 53, 239
What are the prime factors of 1811247?
3, 603749
List the prime factors of 12341890.
2, 5, 11, 112199
List the prime factors of 157225.
5, 19, 331
List the prime factors of 146911.
107, 1373
List the prime factors of 18798160.
2, 5, 234977
List the prime factors of 2307223.
17, 135719
What are the prime factors of 1309544?
2, 17, 9629
List the prime factors of 9333781.
9333781
What are the prime factors of 19039032?
2, 3, 23, 11497
List the prime factors of 8287435.
5, 13, 59, 2161
What are the prime factors of 4309294?
2, 11, 17807
List the prime factors of 31368095.
5, 11, 570329
What are the prime factors of 1949956?
2, 487489
List the prime factors of 345549.
3, 115183
List the prime factors of 476864.
2, 7451
List the prime factors of 2357208.
2, 3, 7, 1559
What are the prime factors of 144272?
2, 71, 127
What are the prime factors of 133187?
133187
What are the prime factors of 205542?
2, 3, 19, 601
List the prime factors of 8248103.
883, 9341
List the prime factors of 2417840.
2, 5, 30223
What are the prime factors of 741185?
5, 271, 547
List the prime factors of 15315466.
2, 397, 19289
List the prime factors of 4986735.
3, 5, 13, 107, 239
What are the prime factors of 2821359?
3, 43, 21871
List the prime factors of 647192.
2, 7, 13, 127
What are the prime factors of 861744?
2, 3, 13, 1381
What are the prime factors of 289642?
2, 97, 1493
List the prime factors of 1933518.
2, 3, 23, 14011
List the prime factors of 200056.
2, 17, 1471
What are the prime factors of 1724066?
2, 862033
What are the prime factors of 248829?
3, 7, 17, 41
What are the prime factors of 16639795?
5, 461, 7219
List the prime factors of 120804.
2, 3, 10067
List the prime factors of 727510.
2, 5, 7, 19, 547
List the prime factors of 76050.
2, 3, 5, 13
What are the prime factors of 95735?
5, 41, 467
List the prime factors of 3580233.
3, 283, 4217
List the prime factors of 650606.
2, 11, 29573
What are the prime factors of 13086336?
2, 3, 53, 643
List the prime factors of 6611986.
2, 317, 10429
List the prime factors of 551890.
2, 5, 229, 241
List the prime factors of 228805.
5, 67, 683
List the prime factors of 60508.
2, 7, 2161
List the prime factors of 858544.
2, 23, 2333
List the prime factors of 763367.
11, 29, 2393
What are the prime factors of 1372262?
2, 686131
What are the prime factors of 4811627?
59, 81553
List the prime factors of 2488440.
2, 3, 5, 89, 233
List the prime factors of 197703.
3, 11, 1997
List the prime factors of 344631.
3, 7, 16411
What are the prime factors of 20353686?
2, 3, 3392281
What are the prime factors of 600425?
5, 7, 47, 73
What are the prime factors of 8243934?
2, 3, 1373989
List the prime factors of 384000.
2, 3, 5
List the prime factors of 4790368.
2, 11, 31, 439
What are the prime factors of 1332222?
2, 3, 17, 37, 353
List the prime factors of 441479.
441479
What are the prime factors of 871605?
3, 5, 7, 2767
List the prime factors of 136383.
3, 13, 269
What are the prime factors of 9859883?
11, 896353
List the prime factors of 233788.
2, 211, 277
List the prime factors of 17764959.
3, 59, 167, 601
List the prime factors of 10598188.
2, 2649547
List the prime factors of 514160.
2, 5, 6427
List the prime factors of 1294649.
1294649
What are the prime factors of 6454196?
2, 7, 230507
List the prime factors of 40016.
2, 41, 61
What are the prime factors of 648673?
193, 3361
What are the prime factors of 37358?
2, 18679
List the prime factors of 743781.
3, 41, 6047
List the prime factors of 117588.
2, 3, 41, 239
What are the prime factors of 888652?
2, 222163
List the prime factors of 267098.
2, 13, 10273
List the prime factors of 1918504.
2, 7, 34259
What are the prime factors of 391849?
71, 5519
List the prime factors of 1132233.
3, 43, 67, 131
What are the prime factors of 14844059?
14844059
List the prime factors of 5351429.
5351429
What are the prime factors of 1008226?
2, 331, 1523
List the prime factors of 5563192.
2, 739, 941
What are the prime factors of 31647016?
2, 3955877
List the prime factors of 8063729.
17, 474337
What are the prime factors of 7201859?
7, 1028837
What are the prime factors of 984441?
3, 239, 1373
List the prime factors of 7122317.
991, 7187
List the prime factors of 1820646.
2, 3, 41, 2467
List the prime factors of 639490.
2, 5, 63949
List the prime factors of 3333276.
2, 3, 53, 1747
What are the prime factors of 1332820?
2, 5, 103, 647
What are the prime factors of 274381?
31, 53, 167
What are the prime factors of 444435?
3, 5, 29629
What are the prime factors of 1034229?
3, 7, 17, 2897
What are the prime factors of 1151837?
19, 60623
What are the prime factors of 15063327?
3, 20663
List the prime factors of 228318.
2, 3, 38053
What are the prime factors of 10266848?
2, 320839
What are the prime factors of 3459973?
11, 314543
List the prime factors of 128749.
128749
List the prime factors of 229731.
3, 73, 1049
What are the prime factors of 118617?
3, 19, 2081
List the prime factors of 338291.
37, 41, 223
List the prime factors of 345744.
2, 3, 7
What are the prime factors of 4080192?
2, 3, 79, 269
List the prime factors of 2393469.
3, 13, 2273
List the prime factors of 28341588.
2, 3, 11, 131, 149
List the prime factors of 270320.
2, 5, 31, 109
List the prime factors of 2211775.
5, 88471
What are the prime factors of 402390?
2, 3, 5, 17, 263
List the prime factors of 843864.
2, 3, 7, 5023
List the prime factors of 6905145.
3, 5, 13, 17, 2083
List the prime factors of 799349.
19, 42071
List the prime factors of 661803.
3, 59, 3739
What are the prime factors of 551786?
2, 17, 16229
What are the prime factors of 212978?
2, 83, 1283
What are the prime factors of 514728?
2, 3, 2383
What are the prime factors of 218841?
3, 7, 17, 613
What are the prime factors of 3146753?
103, 137, 223
What are the prime factors of 1424352?
2, 3, 37, 401
List the prime factors of 184546.
2, 53, 1741
List the prime factors of 7125281.
7125281
What are the prime factors of 2176819?
179, 12161
List the prime factors of 250341.
3, 7, 13, 131
List the prime factors of 661088.
2, 73, 283
List the prime factors of 313609.
41, 7649
List the prime factors of 261124.
2, 97, 673
What are the prime factors of 7550?
2, 5, 151
List the prime factors of 37676.
2, 9419
List the prime factors of 1292298.
2, 3, 7, 29, 1061
What are the prime factors of 2644145?
5, 7, 31, 2437
What are the prime factors of 675493?
7, 13, 571
List the prime factors of 1984521.
3, 7, 11, 71
What are the prime factors of 16032443?
7, 449, 5101
List the prime factors of 594993.
3, 7, 29, 977
What are the prime factors of 44536?
2, 19, 293
List the prime factors of 687205.
5, 167, 823
List the prime factors of 187789.
7, 139, 193
List the prime factors of 7111764.
2, 3, 11, 17959
List the prime factors of 692716.
2, 17